1*b - 8636. List the prime factors of m(-56).
2, 5, 41, 79
Let n = 61296 + -22443. What are the prime factors of n?
3, 1439
Suppose 3310281 = -59*q + 235*q + 175*q. What are the prime factors of q?
9431
List the prime factors of (30/(-5) - 1 - (2 + -24170)) + -1.
2, 5, 151
Let v(x) be the second derivative of 222*x**5/5 + 13*x**3/6 - 7*x**2 + 37*x - 3. What are the prime factors of v(1)?
887
Let n be (-6)/(1 + -3)*100/6. Suppose -r - 5*z = -19, -2*z - n = -r - r. Suppose r*v - 27*v = -165. List the prime factors of v.
5, 11
Let y = -60 + 64. Suppose f = 2*w + 224, 5*f = y*f - 3*w + 239. List the prime factors of f.
2, 5, 23
Let v = 113 - 110. Suppose v*h = 2*n - 1647, 11 = -3*h + 2. What are the prime factors of n?
3, 7, 13
Suppose 6*u = -4*f + 4*u + 244, -5*f = -3*u - 327. Suppose 4 = w - f. What are the prime factors of w?
67
Suppose 68*t - 59*t - 16581 = 5667. What are the prime factors of t?
2, 3, 103
Let x = 146 + -62. Let o = x - 48. What are the prime factors of o?
2, 3
Let c(l) = l + 592*l**2 - l - 2*l - 3. What are the prime factors of c(-1)?
3, 197
Let j = 54 - 46. Let b be -1*(2 - (j - 3)). Suppose -12 = b*u, 3*c + 31 = -3*u + 187. What are the prime factors of c?
2, 7
Suppose -12*y + 334206 = -60617 - 63025. What are the prime factors of y?
2, 3, 6359
Let w(u) = -9*u - 24. Let v be w(-22). Let z = v + -299. Let c = z - -212. What are the prime factors of c?
3, 29
Suppose -115 - 225 = -4*g. Suppose -r + g = -41. List the prime factors of r.
2, 3, 7
Let h = 15701 - -2775. What are the prime factors of h?
2, 31, 149
Suppose 3*m + 3*w = 1467, 4*m - 5*w = 1618 + 356. What are the prime factors of m?
491
Suppose -4*w - 16 = 0, 15*w - 2*w - 4432 = -4*m. What are the prime factors of m?
19, 59
Suppose -11*u - 720 = -16*u. Suppose -6*w + 4*w + u = 0. Let s = w - 39. List the prime factors of s.
3, 11
Suppose 4*u - 202533 = -3*j, -958*j + 953*j + 337563 = 4*u. What are the prime factors of j?
3, 5, 7, 643
Let d = 35 - 14. Let k = 34 - d. Let y = 97 - k. What are the prime factors of y?
2, 3, 7
Suppose 5*n - 15 = 2*g - 5, -8 = -2*n. Suppose 2*t = -8*i + g*i + 427, 1079 = 5*t - 4*i. What are the prime factors of t?
5, 43
Let g be ((11 - -2)/26)/((-1)/418). Let r = -160 - g. What are the prime factors of r?
7
Suppose 274*a - 372*a = -981470. List the prime factors of a.
5, 2003
Let y(l) = 2*l**2 - 6*l + 3. Let w be y(5). Suppose 13 = -5*m + w. List the prime factors of -2 + (m - 0) - (-155 + -4).
3, 53
Let x be (-290)/4*8/10. Let p = x + 68. What are the prime factors of p?
2, 5
Suppose -j - 3*z + 206 = 0, 4*z = 4*j - 8*j + 816. Suppose 5*t - 142 = j. What are the prime factors of t?
3, 23
Let a be 2/3 + 868/3. Let s(g) = g**2 + 75*g + 148. Let u be s(-2). Suppose 0 = -5*y - 4*l + 343, 4*y + 0*l = u*l + a. What are the prime factors of y?
71
Suppose 9352 = -6*h + 37360. What are the prime factors of h?
2, 3, 389
Let f(w) = -626*w + 2041. What are the prime factors of f(-17)?
11, 1153
Suppose 150*m = 61*m + 46725. What are the prime factors of m?
3, 5, 7
Let m be (368/(8 + -4))/(4 + -6). Let h = m - -420. What are the prime factors of h?
2, 11, 17
Let r(o) be the first derivative of o**3 - 9*o**2/2 - 5*o - 11. Let j be r(5). Let p = j + 23. What are the prime factors of p?
2, 3
Let n(m) = -14*m + 2461. List the prime factors of n(14).
3, 5, 151
Let l(k) = -4*k - 25. Let p be l(-10). What are the prime factors of 2736/p - (-4)/(-10)?
2, 7, 13
Let u be 2504/(14/(-49)*-7). Suppose 3*h - u + 139 = 0. What are the prime factors of h?
7, 53
Suppose -s - 23 + 27 = 0. Suppose 10 - s = -3*t. List the prime factors of ((-618)/18)/(t/6).
103
What are the prime factors of -3 + (-4)/6 + (-85)/(-15) + 11848?
2, 3, 5, 79
Let j(y) = -6 + 14*y - 1 - 2*y**2 + 2*y. Let d be j(7). Let n(o) = o**2 - 16. What are the prime factors of n(d)?
3, 11
Let m(d) = 69*d**2 + 19*d + 13. Let o be (-2)/4*(-9 + 2 - 3). List the prime factors of m(o).
3, 13, 47
Let j be (2 - (-55)/(-15))*-3. Let g(x) = 5*x + 1 + 15 + 11 + j. What are the prime factors of g(21)?
137
Let x be 1064/(-21) + (-2)/(-3). Let a = x - -53. Suppose -a*j + 570 - 162 = 0. List the prime factors of j.
2, 17
Let w(t) = -9*t**3 - 6*t**2 + 4*t + 22. List the prime factors of w(-7).
3, 929
Let a = 146 + -131. Suppose 20*u = a*u + 1565. List the prime factors of u.
313
Let h(g) = -3*g**2 + 10*g + 5. Let v be h(6). List the prime factors of (-3)/(44/v + 1).
3, 43
Let d(p) = 302 - 132 - 137 + 26*p. Let y be d(9). Suppose y = 6*b - 819. What are the prime factors of b?
181
Let n = 45 - 43. Suppose -4*v - 308 = n*u + 3*u, -4*u + 4*v = 232. List the prime factors of 50 + -1 + u/15.
3, 5
Let i = 69717 - 33362. What are the prime factors of i?
5, 11, 661
Let q be 16/(-96) + (-1039)/(-6) - -5. Let n = q + 1208. List the prime factors of n.
2, 3, 7, 11
Let o = -120 + 69. Let z = o - -53. Suppose 3*n + z*n - p = 437, 3*n = -4*p + 253. List the prime factors of n.
3, 29
Let z(m) = -4*m - 123. Let p be z(-31). Let f(k) be the third derivative of 29*k**4/8 - 7*k**2. List the prime factors of f(p).
3, 29
Let l(t) = -t**2 + 28*t - 22. Let k be l(27). Suppose -2*b = -k*b + 480. What are the prime factors of 3*(-1 + -1)*b/(-15)?
2
Let r = 36 - 34. Let s be r/4*1*834. Suppose 7*m - 479 = s. What are the prime factors of m?
2
List the prime factors of (-290)/((-5)/(-6)*((-11286)/1410 - -8)).
2, 3, 5, 29, 47
Let r = 13 - 98. Let n = -60 - -48. Let c = n - r. What are the prime factors of c?
73
Let d(c) = 472*c**2 + 428*c - 2150. What are the prime factors of d(5)?
2, 3, 5, 131
Suppose -5*w + 99*m = 98*m - 40330, -w + 8092 = 5*m. List the prime factors of w.
3, 2689
Let d = -1569 + 35367. List the prime factors of d.
2, 3, 43, 131
List the prime factors of 8 + 5719 + (10/(-20))/(2/20).
2, 2861
Let s(z) = 3*z**3 - 2*z**2 + 4*z + 2. Suppose 24*b - 22*b = 8. Let g be s(b). Let l = -98 + g. List the prime factors of l.
2, 5
Let s be -9 + 3 + -11 + 3. Let u(p) = -17*p + 57. List the prime factors of u(s).
5, 59
Let u(x) = -7*x**2 + 71*x - 9. Let n be u(8). What are the prime factors of n/74*(-584)/(-3)?
2, 73
Let q = 2 - -3. Suppose -2*j + 7 = s, q*j - 2*s + 0*s = 40. List the prime factors of ((-87)/(-5))/(j/30).
3, 29
Suppose -a = -4*f + 8075, 1 = 2*a + 7. Suppose 0*p = -p + 2*n + 672, 3*p = 4*n + f. List the prime factors of p.
2, 337
Suppose 73*k - 65616 - 65857 = 0. List the prime factors of k.
1801
Suppose -27*x + 256 = -23*x. Let d = -81 - -83. Let o = x - d. What are the prime factors of o?
2, 31
Let x(g) = 8*g**2 - g - 7. Let p be x(7). Let d be -5 + p/78 - 197/(-13). Suppose 13*t + 266 = d*t. List the prime factors of t.
7, 19
What are the prime factors of (0 - -3022)*(-2)/4*(-14 + 12)?
2, 1511
Suppose 13 = 3*x - d, -5*d = 2*x - 0*d - 20. What are the prime factors of (x + (-189)/45)/(2/1570)?
2, 157
Suppose -302577 + 1407477 = 20*z. List the prime factors of z.
3, 5, 29, 127
Let c = 7672 - 4587. What are the prime factors of c?
5, 617
Let z = -54 - -96. Let r = 33 - z. What are the prime factors of 2 + (-3)/3 + 82 + r?
2, 37
Let u = 4272 + -2965. List the prime factors of u.
1307
Let f(y) = -3*y**3 - y**2 - 28*y - 10. Suppose 5*h = -36*t + 39*t - 36, -4*t = h - 2. List the prime factors of f(h).
2, 5, 7, 11
What are the prime factors of -8 - -387*-4*34/(-8)?
6571
Suppose 0 = b - 2*b + r + 3, -2*b - 2*r + 2 = 0. Suppose -4*n = -0*n + 5*u - 28, -b*n + 20 = u. What are the prime factors of n/(-66) - (-1058)/11?
2, 3
Suppose 2*q - 3*f + 10 = 0, 5*q + 3*f = -6 + 2. Let b be 0/q - 24/6*-129. Suppose -g = -7*g + b. What are the prime factors of g?
2, 43
Let t(v) be the third derivative of -25*v**4/8 + 7*v**3 + v**2 - 53*v. List the prime factors of t(-15).
3, 389
Suppose -1415 = -i + l - 401, 0 = -2*l - 6. Suppose -i = 8*o - 4643. List the prime factors of o.
2, 227
Suppose p + 35 = 339*x - 343*x, 5*p = -x - 61. Let g be 3/6 - 7/(-2). List the prime factors of (-567)/(-33) - (g/p)/(-2).
17
Let d(z) = z**2 + 3*z - 12. Suppose -9 = -7*n + 5. Suppose -2*v - n*a = -14 - 10, -57 = -5*v - 4*a. What are the prime factors of d(v)?
2, 3
Let f(x) = -216*x - 182. Let q be f(1). Suppose 3*b - 3 = -0*b. List the prime factors of 45/(-60) + (q/(-8))/b.
7
Suppose 0 = -d - 5, t = -d + 2 + 5. Suppose -m - u = -39, 0 = t*u - 9*u - 9. Let b = 110 - m